[INFO] cloning repository https://github.com/asifZaman0362/transfer-agent
[INFO] running `Command { std: "git" "-c" "credential.helper=" "-c" "credential.helper=/workspace/cargo-home/bin/git-credential-null" "clone" "--bare" "https://github.com/asifZaman0362/transfer-agent" "/workspace/cache/git-repos/https%3A%2F%2Fgithub.com%2FasifZaman0362%2Ftransfer-agent", kill_on_drop: false }`
[INFO] [stderr] Cloning into bare repository '/workspace/cache/git-repos/https%3A%2F%2Fgithub.com%2FasifZaman0362%2Ftransfer-agent'...
[INFO] running `Command { std: "git" "rev-parse" "HEAD", kill_on_drop: false }`
[INFO] [stdout] 22355719b8a4b5e18bf6975ab9ab3d0808cd0108
[INFO] checking asifZaman0362/transfer-agent against master#9610dfe5a9a731ced1ea4923ecbd0c57fe367898 for beta-170-4
[INFO] running `Command { std: "git" "clone" "/workspace/cache/git-repos/https%3A%2F%2Fgithub.com%2FasifZaman0362%2Ftransfer-agent" "/workspace/builds/worker-6-tc1/source", kill_on_drop: false }`
[INFO] [stderr] Cloning into '/workspace/builds/worker-6-tc1/source'...
[INFO] [stderr] done.
[INFO] validating manifest of git repo https://github.com/asifZaman0362/transfer-agent on toolchain 9610dfe5a9a731ced1ea4923ecbd0c57fe367898
[INFO] running `Command { std: CARGO_HOME="/workspace/cargo-home" RUSTUP_HOME="/workspace/rustup-home" "/workspace/cargo-home/bin/cargo" "+9610dfe5a9a731ced1ea4923ecbd0c57fe367898" "metadata" "--manifest-path" "Cargo.toml" "--no-deps", kill_on_drop: false }`
[INFO] started tweaking git repo https://github.com/asifZaman0362/transfer-agent
[INFO] finished tweaking git repo https://github.com/asifZaman0362/transfer-agent
[INFO] tweaked toml for git repo https://github.com/asifZaman0362/transfer-agent written to /workspace/builds/worker-6-tc1/source/Cargo.toml
[INFO] crate git repo https://github.com/asifZaman0362/transfer-agent already has a lockfile, it will not be regenerated
[INFO] running `Command { std: CARGO_HOME="/workspace/cargo-home" RUSTUP_HOME="/workspace/rustup-home" "/workspace/cargo-home/bin/cargo" "+9610dfe5a9a731ced1ea4923ecbd0c57fe367898" "fetch" "--manifest-path" "Cargo.toml", kill_on_drop: false }`
[INFO] [stderr]     Blocking waiting for file lock on package cache
[INFO] running `Command { std: "docker" "create" "-v" "/var/lib/crater-agent-workspace/builds/worker-6-tc1/target:/opt/rustwide/target:rw,Z" "-v" "/var/lib/crater-agent-workspace/builds/worker-6-tc1/source:/opt/rustwide/workdir:ro,Z" "-v" "/var/lib/crater-agent-workspace/cargo-home:/opt/rustwide/cargo-home:ro,Z" "-v" "/var/lib/crater-agent-workspace/rustup-home:/opt/rustwide/rustup-home:ro,Z" "-e" "SOURCE_DIR=/opt/rustwide/workdir" "-e" "CARGO_TARGET_DIR=/opt/rustwide/target" "-e" "CARGO_HOME=/opt/rustwide/cargo-home" "-e" "RUSTUP_HOME=/opt/rustwide/rustup-home" "-w" "/opt/rustwide/workdir" "-m" "1610612736" "--user" "0:0" "--network" "none" "ghcr.io/rust-lang/crates-build-env/linux@sha256:19e73879b68f455e41552ea35293514db52ea292d993f571636dbffedb77a1ee" "/opt/rustwide/cargo-home/bin/cargo" "+9610dfe5a9a731ced1ea4923ecbd0c57fe367898" "metadata" "--no-deps" "--format-version=1", kill_on_drop: false }`
[INFO] [stdout] f4f679886d23e919b07e1ccf7568cf90f5a4d4229945458a1d6f7c89256dfbed
[INFO] running `Command { std: "docker" "start" "-a" "f4f679886d23e919b07e1ccf7568cf90f5a4d4229945458a1d6f7c89256dfbed", kill_on_drop: false }`
[INFO] running `Command { std: "docker" "inspect" "f4f679886d23e919b07e1ccf7568cf90f5a4d4229945458a1d6f7c89256dfbed", kill_on_drop: false }`
[INFO] running `Command { std: "docker" "rm" "-f" "f4f679886d23e919b07e1ccf7568cf90f5a4d4229945458a1d6f7c89256dfbed", kill_on_drop: false }`
[INFO] [stdout] f4f679886d23e919b07e1ccf7568cf90f5a4d4229945458a1d6f7c89256dfbed
[INFO] running `Command { std: "docker" "create" "-v" "/var/lib/crater-agent-workspace/builds/worker-6-tc1/target:/opt/rustwide/target:rw,Z" "-v" "/var/lib/crater-agent-workspace/builds/worker-6-tc1/source:/opt/rustwide/workdir:ro,Z" "-v" "/var/lib/crater-agent-workspace/cargo-home:/opt/rustwide/cargo-home:ro,Z" "-v" "/var/lib/crater-agent-workspace/rustup-home:/opt/rustwide/rustup-home:ro,Z" "-e" "SOURCE_DIR=/opt/rustwide/workdir" "-e" "CARGO_TARGET_DIR=/opt/rustwide/target" "-e" "CARGO_INCREMENTAL=0" "-e" "RUST_BACKTRACE=full" "-e" "RUSTFLAGS=--cap-lints=forbid" "-e" "RUSTDOCFLAGS=--cap-lints=forbid" "-e" "CARGO_HOME=/opt/rustwide/cargo-home" "-e" "RUSTUP_HOME=/opt/rustwide/rustup-home" "-w" "/opt/rustwide/workdir" "-m" "1610612736" "--user" "0:0" "--network" "none" "ghcr.io/rust-lang/crates-build-env/linux@sha256:19e73879b68f455e41552ea35293514db52ea292d993f571636dbffedb77a1ee" "/opt/rustwide/cargo-home/bin/cargo" "+9610dfe5a9a731ced1ea4923ecbd0c57fe367898" "check" "--frozen" "--all" "--all-targets" "--message-format=json", kill_on_drop: false }`
[INFO] [stdout] 09434c04b90ae45160fcb36a1f9d70f4d40f0504067dff47e2239d796ccffc2a
[INFO] running `Command { std: "docker" "start" "-a" "09434c04b90ae45160fcb36a1f9d70f4d40f0504067dff47e2239d796ccffc2a", kill_on_drop: false }`
[INFO] [stderr]    Compiling libc v0.2.132
[INFO] [stderr]     Checking bytes v1.2.1
[INFO] [stderr]    Compiling tokio v1.21.0
[INFO] [stderr]    Compiling generic-array v0.14.6
[INFO] [stderr]    Compiling serde v1.0.144
[INFO] [stderr]    Compiling futures-task v0.3.24
[INFO] [stderr]     Checking tracing-core v0.1.29
[INFO] [stderr]    Compiling futures-util v0.3.24
[INFO] [stderr]    Compiling syn v1.0.99
[INFO] [stderr]     Checking futures-sink v0.3.24
[INFO] [stderr]     Checking percent-encoding v2.2.0
[INFO] [stderr]    Compiling memchr v2.5.0
[INFO] [stderr]    Compiling indexmap v1.9.1
[INFO] [stderr]    Compiling zstd-safe v5.0.2+zstd.1.5.2
[INFO] [stderr]     Checking alloc-no-stdlib v2.0.3
[INFO] [stderr]     Checking local-waker v0.1.3
[INFO] [stderr]    Compiling itoa v1.0.3
[INFO] [stderr]    Compiling regex-syntax v0.6.27
[INFO] [stderr]     Checking alloc-stdlib v0.2.1
[INFO] [stderr]    Compiling paste v1.0.9
[INFO] [stderr]     Checking hashbrown v0.12.3
[INFO] [stderr]    Compiling encoding_rs v0.8.31
[INFO] [stderr]    Compiling fnv v1.0.7
[INFO] [stderr]    Compiling httparse v1.8.0
[INFO] [stderr]     Checking miniz_oxide v0.5.4
[INFO] [stderr]     Checking brotli-decompressor v2.3.2
[INFO] [stderr]     Checking http v0.2.8
[INFO] [stderr]     Checking tracing v0.1.36
[INFO] [stderr]     Checking bytestring v1.1.0
[INFO] [stderr]    Compiling aho-corasick v0.7.19
[INFO] [stderr]     Checking form_urlencoded v1.1.0
[INFO] [stderr]     Checking actix-utils v3.0.0
[INFO] [stderr]     Checking actix-service v2.0.2
[INFO] [stderr]     Checking block-buffer v0.10.3
[INFO] [stderr]     Checking crypto-common v0.1.6
[INFO] [stderr]    Compiling cookie v0.16.0
[INFO] [stderr]    Compiling time-macros v0.2.4
[INFO] [stderr]     Checking digest v0.10.3
[INFO] [stderr]     Checking parking_lot_core v0.9.3
[INFO] [stderr]    Compiling jobserver v0.1.24
[INFO] [stderr]     Checking socket2 v0.4.7
[INFO] [stderr]     Checking mio v0.8.4
[INFO] [stderr]     Checking signal-hook-registry v1.4.0
[INFO] [stderr]     Checking getrandom v0.2.7
[INFO] [stderr]     Checking parking_lot v0.12.1
[INFO] [stderr]    Compiling firestorm v0.5.1
[INFO] [stderr]     Checking num_threads v0.1.6
[INFO] [stderr]    Compiling cc v1.0.73
[INFO] [stderr]     Checking rand_core v0.6.3
[INFO] [stderr]    Compiling serde_json v1.0.85
[INFO] [stderr]    Compiling convert_case v0.4.0
[INFO] [stderr]     Checking cpufeatures v0.2.5
[INFO] [stderr]     Checking idna v0.3.0
[INFO] [stderr]     Checking sha1 v0.10.4
[INFO] [stderr]     Checking rand_chacha v0.3.1
[INFO] [stderr]     Checking ahash v0.7.6
[INFO] [stderr]     Checking brotli v3.3.4
[INFO] [stderr]     Checking rand v0.8.5
[INFO] [stderr]     Checking num_cpus v1.13.1
[INFO] [stderr]     Checking flate2 v1.0.24
[INFO] [stderr]    Compiling regex v1.6.0
[INFO] [stderr]     Checking httpdate v1.0.2
[INFO] [stderr]     Checking language-tags v0.3.2
[INFO] [stderr]     Checking mime v0.3.16
[INFO] [stderr]     Checking url v2.3.1
[INFO] [stderr]     Checking local-channel v0.1.3
[INFO] [stderr]    Compiling zstd-sys v2.0.1+zstd.1.5.2
[INFO] [stderr]     Checking time v0.3.14
[INFO] [stderr]     Checking serde_urlencoded v0.7.1
[INFO] [stderr]     Checking actix-router v0.5.0
[INFO] [stderr]     Checking tokio-util v0.7.4
[INFO] [stderr]     Checking actix-rt v2.7.0
[INFO] [stderr]     Checking actix-codec v0.5.0
[INFO] [stderr]     Checking h2 v0.3.14
[INFO] [stderr]     Checking actix-server v2.1.1
[INFO] [stderr]    Compiling derive_more v0.99.17
[INFO] [stderr]    Compiling actix-web-codegen v4.0.1
[INFO] [stderr]    Compiling actix-macros v0.2.3
[INFO] [stderr]     Checking zstd v0.11.2+zstd.1.5.2
[INFO] [stderr]     Checking actix-http v3.2.1
[INFO] [stderr]     Checking actix-web v4.1.0
[INFO] [stderr]     Checking transfer-agent v0.1.0 (/opt/rustwide/workdir)
[INFO] [stdout] warning: unused import: `io::Bytes`
[INFO] [stdout]  --> src/resolver.rs:1:33
[INFO] [stdout]   |
[INFO] [stdout] 1 | use std::{collections::HashMap, io::Bytes};
[INFO] [stdout]   |                                 ^^^^^^^^^
[INFO] [stdout]   |
[INFO] [stdout]   = note: `#[warn(unused_imports)]` on by default
[INFO] [stdout] 
[INFO] [stdout] 
[INFO] [stdout] warning: unused import: `io::Bytes`
[INFO] [stdout]  --> src/resolver.rs:1:33
[INFO] [stdout]   |
[INFO] [stdout] 1 | use std::{collections::HashMap, io::Bytes};
[INFO] [stdout]   |                                 ^^^^^^^^^
[INFO] [stdout]   |
[INFO] [stdout]   = note: `#[warn(unused_imports)]` on by default
[INFO] [stdout] 
[INFO] [stdout] 
[INFO] [stdout] warning: unused variable: `mail`
[INFO] [stdout]   --> src/resolver.rs:39:39
[INFO] [stdout]    |
[INFO] [stdout] 39 |     pub async fn transfer_mail(&self, mail: Vec<u8>, destination: String) -> u8 {
[INFO] [stdout]    |                                       ^^^^ help: if this is intentional, prefix it with an underscore: `_mail`
[INFO] [stdout]    |
[INFO] [stdout]    = note: `#[warn(unused_variables)]` on by default
[INFO] [stdout] 
[INFO] [stdout] 
[INFO] [stdout] warning: unused variable: `mail`
[INFO] [stdout]   --> src/resolver.rs:39:39
[INFO] [stdout]    |
[INFO] [stdout] 39 |     pub async fn transfer_mail(&self, mail: Vec<u8>, destination: String) -> u8 {
[INFO] [stdout]    |                                       ^^^^ help: if this is intentional, prefix it with an underscore: `_mail`
[INFO] [stdout]    |
[INFO] [stdout]    = note: `#[warn(unused_variables)]` on by default
[INFO] [stdout] 
[INFO] [stdout] 
[INFO] [stdout] warning: unused variable: `destination`
[INFO] [stdout]   --> src/resolver.rs:39:54
[INFO] [stdout]    |
[INFO] [stdout] 39 |     pub async fn transfer_mail(&self, mail: Vec<u8>, destination: String) -> u8 {
[INFO] [stdout]    |                                                      ^^^^^^^^^^^ help: if this is intentional, prefix it with an underscore: `_destination`
[INFO] [stdout] 
[INFO] [stdout] 
[INFO] [stdout] warning: unused variable: `destination`
[INFO] [stdout]   --> src/resolver.rs:39:54
[INFO] [stdout]    |
[INFO] [stdout] 39 |     pub async fn transfer_mail(&self, mail: Vec<u8>, destination: String) -> u8 {
[INFO] [stdout]    |                                                      ^^^^^^^^^^^ help: if this is intentional, prefix it with an underscore: `_destination`
[INFO] [stdout] 
[INFO] [stdout] 
[INFO] [stdout] error[E0599]: no function or associated item named `new` found for struct `IpAddress` in the current scope
[INFO] [stdout]   --> src/main.rs:16:61
[INFO] [stdout]    |
[INFO] [stdout] 16 |     let mut transfer_agent = TransferServer::new(IpAddress::new(127, 0, 0, 1), "localhost");
[INFO] [stdout]    |                                                             ^^^ function or associated item not found in `IpAddress`
[INFO] [stdout]    |
[INFO] [stdout]   ::: src/resolver.rs:4:1
[INFO] [stdout]    |
[INFO] [stdout] 4  | pub struct IpAddress {
[INFO] [stdout]    | -------------------- function or associated item `new` not found for this struct
[INFO] [stdout]    |
[INFO] [stdout]    = help: items from traits can only be used if the trait is implemented and in scope
[INFO] [stdout]    = note: the following traits define an item `new`, perhaps you need to implement one of them:
[INFO] [stdout]            candidate #1: `parking_lot_core::thread_parker::ThreadParkerT`
[INFO] [stdout]            candidate #2: `digest::core_api::VariableOutputCore`
[INFO] [stdout]            candidate #3: `digest::digest::Digest`
[INFO] [stdout]            candidate #4: `digest::VariableOutput`
[INFO] [stdout]            candidate #5: `crypto_common::KeyInit`
[INFO] [stdout]            candidate #6: `crypto_common::KeyIvInit`
[INFO] [stdout]            candidate #7: `typenum::marker_traits::Bit`
[INFO] [stdout]            candidate #8: `brotli::enc::backward_references::hash_to_binary_tree::Allocable`
[INFO] [stdout]            candidate #9: `brotli::enc::threading::AnyBoxConstructor`
[INFO] [stdout]            candidate #10: `rand::distributions::uniform::UniformSampler`
[INFO] [stdout] 
[INFO] [stdout] 
[INFO] [stdout] error[E0599]: no function or associated item named `new` found for struct `IpAddress` in the current scope
[INFO] [stdout]   --> src/main.rs:16:61
[INFO] [stdout]    |
[INFO] [stdout] 16 |     let mut transfer_agent = TransferServer::new(IpAddress::new(127, 0, 0, 1), "localhost");
[INFO] [stdout]    |                                                             ^^^ function or associated item not found in `IpAddress`
[INFO] [stdout]    |
[INFO] [stdout]   ::: src/resolver.rs:4:1
[INFO] [stdout]    |
[INFO] [stdout] 4  | pub struct IpAddress {
[INFO] [stdout]    | -------------------- function or associated item `new` not found for this struct
[INFO] [stdout]    |
[INFO] [stdout]    = help: items from traits can only be used if the trait is implemented and in scope
[INFO] [stdout]    = note: the following traits define an item `new`, perhaps you need to implement one of them:
[INFO] [stdout]            candidate #1: `parking_lot_core::thread_parker::ThreadParkerT`
[INFO] [stdout]            candidate #2: `digest::core_api::VariableOutputCore`
[INFO] [stdout]            candidate #3: `digest::digest::Digest`
[INFO] [stdout]            candidate #4: `digest::VariableOutput`
[INFO] [stdout]            candidate #5: `crypto_common::KeyInit`
[INFO] [stdout]            candidate #6: `crypto_common::KeyIvInit`
[INFO] [stdout]            candidate #7: `typenum::marker_traits::Bit`
[INFO] [stdout]            candidate #8: `brotli::enc::backward_references::hash_to_binary_tree::Allocable`
[INFO] [stdout]            candidate #9: `brotli::enc::threading::AnyBoxConstructor`
[INFO] [stdout]            candidate #10: `rand::distributions::uniform::UniformSampler`
[INFO] [stdout] 
[INFO] [stdout] 
[INFO] [stdout] error[E0308]: mismatched types
[INFO] [stdout]   --> src/main.rs:16:80
[INFO] [stdout]    |
[INFO] [stdout] 16 |     let mut transfer_agent = TransferServer::new(IpAddress::new(127, 0, 0, 1), "localhost");
[INFO] [stdout]    |                              -------------------                               ^^^^^^^^^^^- help: try using a conversion method: `.to_string()`
[INFO] [stdout]    |                              |                                                 |
[INFO] [stdout]    |                              |                                                 expected `String`, found `&str`
[INFO] [stdout]    |                              arguments to this function are incorrect
[INFO] [stdout]    |
[INFO] [stdout] note: associated function defined here
[INFO] [stdout]   --> src/resolver.rs:18:12
[INFO] [stdout]    |
[INFO] [stdout] 18 |     pub fn new(ip_address: IpAddress, domain: String) -> TransferServer {
[INFO] [stdout]    |            ^^^                        --------------
[INFO] [stdout] 
[INFO] [stdout] 
[INFO] [stdout] error[E0308]: mismatched types
[INFO] [stdout]   --> src/main.rs:16:80
[INFO] [stdout]    |
[INFO] [stdout] 16 |     let mut transfer_agent = TransferServer::new(IpAddress::new(127, 0, 0, 1), "localhost");
[INFO] [stdout]    |                              -------------------                               ^^^^^^^^^^^- help: try using a conversion method: `.to_string()`
[INFO] [stdout]    |                              |                                                 |
[INFO] [stdout]    |                              |                                                 expected `String`, found `&str`
[INFO] [stdout]    |                              arguments to this function are incorrect
[INFO] [stdout]    |
[INFO] [stdout] note: associated function defined here
[INFO] [stdout]   --> src/resolver.rs:18:12
[INFO] [stdout]    |
[INFO] [stdout] 18 |     pub fn new(ip_address: IpAddress, domain: String) -> TransferServer {
[INFO] [stdout]    |            ^^^                        --------------
[INFO] [stdout] 
[INFO] [stdout] 
[INFO] [stdout] error: aborting due to 2 previous errors; 3 warnings emitted
[INFO] [stdout] 
[INFO] [stdout] 
[INFO] [stdout] error: aborting due to 2 previous errors; 3 warnings emitted
[INFO] [stdout] 
[INFO] [stdout] 
[INFO] [stdout] Some errors have detailed explanations: E0308, E0599.
[INFO] [stdout] 
[INFO] [stdout] Some errors have detailed explanations: E0308, E0599.
[INFO] [stdout] 
[INFO] [stdout] For more information about an error, try `rustc --explain E0308`.
[INFO] [stdout] 
[INFO] [stdout] For more information about an error, try `rustc --explain E0308`.
[INFO] [stdout] 
[INFO] [stderr] error: could not compile `transfer-agent` (bin "transfer-agent") due to 3 previous errors; 3 warnings emitted
[INFO] [stderr] warning: build failed, waiting for other jobs to finish...
[INFO] [stderr] error: could not compile `transfer-agent` (bin "transfer-agent" test) due to 3 previous errors; 3 warnings emitted
[INFO] running `Command { std: "docker" "inspect" "09434c04b90ae45160fcb36a1f9d70f4d40f0504067dff47e2239d796ccffc2a", kill_on_drop: false }`
[INFO] running `Command { std: "docker" "rm" "-f" "09434c04b90ae45160fcb36a1f9d70f4d40f0504067dff47e2239d796ccffc2a", kill_on_drop: false }`
[INFO] [stdout] 09434c04b90ae45160fcb36a1f9d70f4d40f0504067dff47e2239d796ccffc2a
